ommon divisor of m and h.
21
Let n(o) = o - 14. Suppose -9*g + 6*g + 63 = 0. Let z be n(g). Calculate the greatest common divisor of 63 and z.
7
Let p = -44 + 62. Let m be 0 + (-9)/(p/(-28)). Calculate the highest common divisor of m and 7.
7
Let i(h) = -13*h - 37. Let a be i(-9). Suppose -4*t + 35 + 29 = 0. What is the highest common divisor of a and t?
16
Let f = -172 + 366. Calculate the highest common factor of 2 and f.
2
Suppose -3*p = 4*w - 671, p - 2*w - 163 = 64. What is the greatest common factor of p and 45?
45
Let n = 4 + 96. What is the highest common divisor of 4 and n?
4
Suppose -2*o + 470 = 4*w, o + 3*w - 108 = 127. Calculate the highest common divisor of 94 and o.
47
Suppose -17 = v + 73. Let y = v + 48. Let b be (-15)/6*y/15. Calculate the greatest common factor of 56 and b.
7
Let h be 399 + (-12)/(-4) + 5. What is the highest common factor of 44 and h?
11
Let n = -706 + 748. What is the greatest common factor of 12 and n?
6
Let d = 185 + -93. Suppose i - d = -i. Calculate the greatest common divisor of i and 115.
23
Let t(d) = d - 1. Let a be t(6). Let m = a + 3. Calculate the greatest common divisor of 4 and m.
4
Let i be (-2 - 78)*(23/(-5) + 4). What is the greatest common factor of 54 and i?
6
Suppose 16*c - 48 = 48. What is the greatest common divisor of c and 78?
6
Suppose 0 = 2*f - 3 - 3. Let v(q) = 7*q**2 - 9 + 2*q**3 - 2*q + 3 - q**f + 0*q**3. Let l be v(-6). Calculate the highest common divisor of l and 28.
14
Let w(m) = m**3 + 9*m**2 + 16*m + 18. Let j be w(-7). Suppose -i - 6*i = -70. Calculate the highest common factor of i and j.
2
Suppose 0 = -l + 32 - 6. Let h = l - 6. Let y = 382 - 202. Calculate the highest common divisor of y and h.
20
Let t = -260 - -288. Calculate the greatest common divisor of t and 42.
14
Suppose 8*c + 6609 - 7249 = 0. Calculate the greatest common divisor of c and 1520.
80
Suppose -34 = -8*h + 54. Calculate the highest common divisor of 319 and h.
11
Let j = -44 + 46. Suppose -w + 3*l = -126, j*w + l - 4*l - 246 = 0. Let v = 36 + 12. What is the greatest common factor of w and v?
24
Let t be 28/49 - 10/(-7). What is the highest common factor of 14 and t?
2
Suppose -5*f - 3*a = -2*f - 15, a = f - 3. Let n be -3 - 37/(-4) - 1/f. Let y be ((-15)/4)/((-1)/4). What is the greatest common factor of n and y?
3
Let i be (5/2)/((-12)/(-24)). What is the highest common factor of 115 and i?
5
Let f be (-10)/4*124/(-5). Let w = 272 - f. Let t = 27 + -6. Calculate the greatest common factor of t and w.
21
Let u be (560/196)/(2/7). Calculate the highest common factor of 145 and u.
5
Let s = -1 + 57. Let u = -115 - -129. Calculate the greatest common factor of u and s.
14
Let s = 26 - 68. Let j = s + 84. What is the highest common divisor of j and 12?
6
Let o = 63 + -67. Let c be 2/o + 2071/38. What is the greatest common divisor of 9 and c?
9
Suppose -d = 5*d - 336. What is the greatest common factor of d and 196?
28
Suppose 35 = 3*q - 5*y, 2*q - q = -3*y + 35. Suppose -4*o + 258 = -3*o. Suppose 2*m - o = 102. Calculate the greatest common divisor of q and m.
20
Let v(w) = -w**2 - 4*w + 8. Let t be v(-5). Suppose -4*o + 2 = -t*o. Suppose -o*d - 180 = -5*d. Calculate the highest common factor of d and 20.
20
Suppose 0 + 4 = -4*i. Let y = -52 - -56. Let u = i + y. What is the highest common divisor of 24 and u?
3
Suppose -106 = -5*f + 494. Suppose 5*r = 9*r - f. Calculate the greatest common factor of 10 and r.
10
Let g be 3/(-9) + (-34)/6. Let c(b) = -19*b + 6. Let o be c(g). Calculate the highest common factor of 12 and o.
12
Suppose 5*v - 12 = v + 2*f, 0 = -4*f - 16. Let k be -2 - 3/v - -3. Let o be 9/(-3) + 13 + k. Calculate the greatest common divisor of 64 and o.
8
Let f = 154 + -109. Calculate the highest common factor of 5 and f.
5
Suppose -1728 = -3*o - 51*o. Calculate the highest common divisor of o and 424.
8
Let z be 33*-4*2/(-12). What is the greatest common factor of z and 11?
11
Let g be (-4*(-1)/(-4))/(2/(-22)). What is the highest common divisor of 781 and g?
11
Let p(z) = -11*z**2 - 9*z - 6. Let x(c) = 22*c**2 + 19*c + 13. Let j(b) = -7*p(b) - 3*x(b). Let r be j(3). What is the highest common factor of 48 and r?
24
Let w be -7*2/(4/(-26)). Suppose 32 = -2*g - 5*x + w, 2*x = 4*g - 58. Calculate the greatest common factor of 187 and g.
17
Let w be ((-12)/10)/(12/(-540)). Calculate the highest common factor of w and 189.
27
Suppose 14 = -m + 2. Let g be 2 + (-3 - (m - 0)). Calculate the greatest common divisor of g and 11.
11
Let b(o) = 2*o**2 - 13*o - 17. Let c be b(8). Suppose 255 + 39 = 3*y. Suppose -v + y = v. What is the greatest common factor of c and v?
7
Let r = 74 + -123. Let c = r + 70. Suppose 2*j = -0*w - w + c, 3*j - 49 = 2*w. Calculate the highest common factor of j and 78.
13
Let u(r) = -r**2 + 11*r - 8. Let b be u(8). Suppose b = -2*l + 3*l. Let d = l + -12. Calculate the highest common factor of d and 10.
2
Let g be (3*1)/(18/12). Let u = 4 + 0. Suppose -g*b + 526 = 4*z - 104, -5*z = -u*b + 1286. What is the highest common factor of 29 and b?
29
Suppose -f = 6 - 2. Let u be (f/18*-3)/((-6)/(-63)). What is the highest common divisor of u and 7?
7
Let k be 1 - 0 - (-3 + 1). Suppose -k*z + 2*v + 102 = 0, 0 = -z + 4*z - 5*v - 93. Calculate the greatest common factor of z and 9.
9
Suppose -8 + 0 = -2*i. Let u be 1272/36 + i/6. What is the highest common factor of u and 4?
4
Suppose -3*c = -2*b + 24, 76 = 4*b + c - 0*c. Let f be (5/3)/(3/b). Calculate the highest common divisor of 25 and f.
5
Suppose -2*s + 68 = -0*k + k, 284 = 5*k - 4*s. Let q(l) = l**2 - l - 5. Suppose 0*f = 2*f - 10. Let n be q(f). What is the greatest common factor of k and n?
15
Let n be (102/(-85))/(4/10) + -6. Let p(r) = r + 31. Let w be p(n). What is the greatest common factor of 88 and w?
22
Let q be (0 - -32)*6/12*5. Let k be (10 + (-3 - 1))/(3/q). What is the highest common factor of k and 16?
16
Suppose 9*s - 4*s = 65. Let w = s - 3. What is the highest common divisor of 50 and w?
10
Let u(r) = -r - 1. Suppose -2*y + 3 = -3*y + 3*h, 5*h + 9 = 4*y. Let f be y/4 - 168/16. Let i be u(f). Calculate the greatest common factor of i and 20.
4
Suppose -1309 - 841 = -5*y + c, -3*y + 4*c + 1290 = 0. What is the highest common factor of 20 and y?
10
Suppose -3*b + 51 = -0. Let o = -4 + b. Let a = o - 6. Calculate the greatest common divisor of 1 and a.
1
Let s(n) = 2*n**3 + 4*n**2 + 3*n + 2. Let q be s(-2). Let x = q + 12. Suppose 0 = 26*z - 12*z - 1232. What is the greatest common factor of z and x?
8
Let y(m) = -m**3 - 8*m**2 - 2*m + 7. Let t be y(-9). Calculate the greatest common factor of 53 and t.
53
Let c = -6 - -8. Suppose 2 = -c*o + 10. Suppose -871 = -5*u + o*v, -3*u + 12 = 4*v - 485. What is the highest common factor of u and 19?
19
Let w be 108/(-10)*140/(-42). Suppose 4*i + s - 65 = w, 4*i = 5*s + 71. Calculate the highest common divisor of 12 and i.
12
Let s(q) = -3*q + 0*q + 3 - 1 + 25*q**2. Suppose 12 = 17*m - 5*m. Let c be s(m). Calculate the highest common factor of 168 and c.
24
Let m(w) = -2*w - 9. Let k be m(-7). Suppose -3*u + 152 = k*s, s = -2*s + 4*u + 68. Suppose 253 = 2*a + 113. Calculate the highest common divisor of a and s.
14
Let x = 42 + -40. Let f be 273/14 - (-1)/x. What is the highest common divisor of f and 180?
20
Let u be (1 + -1)*(5 - 6). Let b(y) = y**3 + 3*y + 15. Let t be b(u). Let l be (-2)/(((-2)/(-135))/(-1)). Calculate the greatest common divisor of l and t.
15
Let a be (-2 - (-3 - -1)) + 0 + -21. Let v = a + 71. What is the highest common factor of 20 and v?
10
Suppose -14 = -3*r + 64. Let d = r + -21. Suppose -a + 1 + 4 = 0, -3*c + d*a = -47. Calculate the highest common factor of 12 and c.
12
Let k = 51 - 43. Calculate the highest common divisor of k and 24.
8
Suppose u + 2 - 3 = 0. Let d be 9 + 2*1 + (-4 - -4). Calculate the greatest common divisor of d and u.
1
Let y(n) = -n**2 - n + 17. Let t be y(0). Let x = -2663 + 2697. Calculate the highest common divisor of t and x.
17
Suppose -g + 22 = -0*g. Suppose -3*k = -242 - g. Let m be 1*3/((-3)/(-11)). What is the highest common factor of k and m?
11
Suppose 2*r = -5*w + 62, -1 = -2*r - 9. What is the greatest common factor of w and 1736?
14
Let z(p) = -2*p**3 + 25*p**2 + 9*p - 11. Let l be z(11). Calculate 